{"id":33,"date":"2018-11-15T16:37:49","date_gmt":"2018-11-15T15:37:49","guid":{"rendered":"https:\/\/gubelmann-zimmerei.ch\/?page_id=33"},"modified":"2018-11-26T11:57:08","modified_gmt":"2018-11-26T10:57:08","slug":"innenausbau","status":"publish","type":"page","link":"https:\/\/www.gubelmann-zimmerei.ch\/?page_id=33","title":{"rendered":"Treppenbau"},"content":{"rendered":"<p>Wir fabrizieren und sanieren Holztreppen; individuell gestaltet,<br \/>\nbaulichen und \u00e4sthetischen Anforderungen entsprechend.<\/p>\n<ul>\n<li>Treppenanlagen<\/li>\n<li>Treppengel\u00e4nder<\/li>\n<li>Handl\u00e4ufe<\/li>\n<\/ul>\n<p><a href=\"https:\/\/gubelmann-zimmerei.ch\/wp-content\/uploads\/2018\/11\/DSC000431.jpg\"><img loading=\"lazy\" class=\"alignnone size-medium wp-image-90\" title=\"DSC00043\" src=\"https:\/\/gubelmann-zimmerei.ch\/wp-content\/uploads\/2018\/11\/DSC000431-300x225.jpg\" alt=\"\" width=\"300\" height=\"225\" srcset=\"https:\/\/www.gubelmann-zimmerei.ch\/wp-content\/uploads\/2018\/11\/DSC000431-300x225.jpg 300w, https:\/\/www.gubelmann-zimmerei.ch\/wp-content\/uploads\/2018\/11\/DSC000431-1024x768.jpg 1024w, https:\/\/www.gubelmann-zimmerei.ch\/wp-content\/uploads\/2018\/11\/DSC000431-400x300.jpg 400w, https:\/\/www.gubelmann-zimmerei.ch\/wp-content\/uploads\/2018\/11\/DSC000431.jpg 1600w\" sizes=\"(max-width: 300px) 100vw, 300px\" \/><\/a>\u00a0 \u00a0\u00a0<a href=\"https:\/\/gubelmann-zimmerei.ch\/wp-content\/uploads\/2018\/11\/DSC000442.jpg\"><img loading=\"lazy\" class=\"alignnone size-medium wp-image-100\" title=\"DSC00044\" src=\"https:\/\/gubelmann-zimmerei.ch\/wp-content\/uploads\/2018\/11\/DSC000442-300x225.jpg\" alt=\"\" width=\"300\" height=\"225\" srcset=\"https:\/\/www.gubelmann-zimmerei.ch\/wp-content\/uploads\/2018\/11\/DSC000442-300x225.jpg 300w, https:\/\/www.gubelmann-zimmerei.ch\/wp-content\/uploads\/2018\/11\/DSC000442-1024x768.jpg 1024w, https:\/\/www.gubelmann-zimmerei.ch\/wp-content\/uploads\/2018\/11\/DSC000442-400x300.jpg 400w, https:\/\/www.gubelmann-zimmerei.ch\/wp-content\/uploads\/2018\/11\/DSC000442.jpg 1600w\" sizes=\"(max-width: 300px) 100vw, 300px\" \/><\/a>\u00a0 \u00a0<a href=\"https:\/\/gubelmann-zimmerei.ch\/wp-content\/uploads\/2018\/11\/DSC000932.jpg\"><img loading=\"lazy\" class=\"alignnone size-medium wp-image-101\" title=\"DSC00093\" src=\"https:\/\/gubelmann-zimmerei.ch\/wp-content\/uploads\/2018\/11\/DSC000932-300x225.jpg\" alt=\"\" width=\"300\" height=\"225\" srcset=\"https:\/\/www.gubelmann-zimmerei.ch\/wp-content\/uploads\/2018\/11\/DSC000932-300x225.jpg 300w, https:\/\/www.gubelmann-zimmerei.ch\/wp-content\/uploads\/2018\/11\/DSC000932-1024x768.jpg 1024w, https:\/\/www.gubelmann-zimmerei.ch\/wp-content\/uploads\/2018\/11\/DSC000932-400x300.jpg 400w, https:\/\/www.gubelmann-zimmerei.ch\/wp-content\/uploads\/2018\/11\/DSC000932.jpg 1600w\" sizes=\"(max-width: 300px) 100vw, 300px\" \/><\/a><\/p>\n","protected":false},"excerpt":{"rendered":"<p>Wir fabrizieren und sanieren Holztreppen; individuell gestaltet, baulichen und \u00e4sthetischen Anforderungen entsprechend. Treppenanlagen Treppengel\u00e4nder Handl\u00e4ufe \u00a0 \u00a0\u00a0\u00a0 \u00a0<\/p>\n","protected":false},"author":4,"featured_media":0,"parent":0,"menu_order":0,"comment_status":"closed","ping_status":"closed","template":"sidebar-page.php","meta":[],"_links":{"self":[{"href":"https:\/\/www.gubelmann-zimmerei.ch\/index.php?rest_route=\/wp\/v2\/pages\/33"}],"collection":[{"href":"https:\/\/www.gubelmann-zimmerei.ch\/index.php?rest_route=\/wp\/v2\/pages"}],"about":[{"href":"https:\/\/www.gubelmann-zimmerei.ch\/index.php?rest_route=\/wp\/v2\/types\/page"}],"author":[{"embeddable":true,"href":"https:\/\/www.gubelmann-zimmerei.ch\/index.php?rest_route=\/wp\/v2\/users\/4"}],"replies":[{"embeddable":true,"href":"https:\/\/www.gubelmann-zimmerei.ch\/index.php?rest_route=%2Fwp%2Fv2%2Fcomments&post=33"}],"version-history":[{"count":1,"href":"https:\/\/www.gubelmann-zimmerei.ch\/index.php?rest_route=\/wp\/v2\/pages\/33\/revisions"}],"predecessor-version":[{"id":57,"href":"https:\/\/www.gubelmann-zimmerei.ch\/index.php?rest_route=\/wp\/v2\/pages\/33\/revisions\/57"}],"wp:attachment":[{"href":"https:\/\/www.gubelmann-zimmerei.ch\/index.php?rest_route=%2Fwp%2Fv2%2Fmedia&parent=33"}],"curies":[{"name":"wp","href":"https:\/\/api.w.org\/{rel}","templated":true}]}}